mon divisor of 257423 and 137?
137
What is the highest common factor of 3850 and 322?
14
What is the greatest common divisor of 642 and 460635?
321
What is the highest common divisor of 5525 and 213265?
1105
What is the greatest common divisor of 437 and 165224?
19
What is the greatest common factor of 165 and 70050?
15
What is the greatest common divisor of 10856 and 10384?
472
Calculate the greatest common divisor of 5944 and 361841.
743
What is the highest common divisor of 63 and 8649?
9
What is the highest common divisor of 6784 and 53?
53
What is the highest common factor of 670 and 2930?
10
What is the greatest common factor of 120 and 130620?
60
Calculate the highest common factor of 7975 and 544475.
725
What is the greatest common factor of 93247 and 154?
77
What is the greatest common divisor of 11003 and 24?
1
Calculate the highest common divisor of 765 and 6003.
9
Calculate the highest common divisor of 486 and 67284.
54
Calculate the highest common divisor of 36 and 558126.
18
Calculate the highest common divisor of 287 and 32501.
7
What is the greatest common divisor of 7032 and 141812?
1172
Calculate the highest common divisor of 605 and 3012295.
605
Calculate the greatest common factor of 2176 and 2752096.
544
Calculate the highest common divisor of 52 and 46709.
13
Calculate the highest common factor of 825 and 2550.
75
What is the greatest common divisor of 360 and 107028?
36
Calculate the highest common factor of 11000 and 53240.
440
Calculate the greatest common factor of 35476 and 5194.
98
Calculate the greatest common divisor of 145321 and 121.
121
Calculate the greatest common factor of 516 and 3098580.
516
What is the greatest common divisor of 3 and 30738?
3
Calculate the highest common divisor of 3990 and 3570.
210
Calculate the highest common divisor of 9288 and 11653.
43
Calculate the highest common divisor of 108 and 2963871.
27
Calculate the highest common divisor of 10065 and 165.
165
Calculate the highest common divisor of 352 and 557216.
352
Calculate the greatest common factor of 549955 and 3325.
665
Calculate the greatest common divisor of 213 and 75189.
213
What is the greatest common factor of 184639 and 910?
91
Calculate the greatest common divisor of 12530 and 3458.
14
Calculate the highest common divisor of 54 and 282663.
27
What is the greatest common factor of 42517 and 19147?
41
Calculate the greatest common factor of 4311 and 927.
9
What is the highest common factor of 10449 and 486?
243
Calculate the greatest common divisor of 322 and 163093.
161
What is the highest common factor of 518386 and 11?
11
What is the highest common divisor of 115 and 21183?
23
Calculate the greatest common divisor of 3310185 and 1095.
1095
What is the greatest common factor of 7 and 5084149?
7
What is the greatest common divisor of 103131 and 126?
63
Calculate the greatest common factor of 1355 and 6928115.
1355
What is the greatest common factor of 42 and 121527?
21
What is the highest common divisor of 9475 and 2150?
25
Calculate the greatest common divisor of 58 and 1149763.
29
What is the greatest common factor of 31434 and 124527?
1209
Calculate the greatest common factor of 756833 and 77.
77
What is the highest common divisor of 5 and 1920450?
5
Calculate the greatest common factor of 184 and 372002.
46
Calculate the highest common factor of 95 and 232902.
19
What is the highest common factor of 49 and 96922?
49
What is the highest common factor of 3360 and 8320?
160
What is the greatest common divisor of 38678 and 2324?
166
Calculate the greatest common factor of 21 and 34601.
7
What is the highest common factor of 154 and 28931?
7
Calculate the highest common factor of 5499 and 18.
9
Calculate the highest common factor of 150344 and 8.
8
What is the highest common divisor of 426 and 145053?
213
What is the greatest common factor of 1421 and 16499?
7
What is the highest common factor of 99193 and 12083?
281
Calculate the greatest common factor of 1218132 and 108.
108
What is the greatest common factor of 2961 and 2313387?
423
What is the highest common factor of 336 and 981288?
168
Calculate the greatest common divisor of 711 and 65511.
9
What is the greatest common divisor of 8768 and 10823?
137
What is the greatest common factor of 29484 and 1836?
108
What is the greatest common divisor of 6083499 and 318?
159
Calculate the greatest common divisor of 60 and 839505.
15
Calculate the highest common divisor of 70195 and 202.
101
Calculate the greatest common factor of 237 and 11850000.
237
What is the highest common divisor of 64952 and 458900?
1412
Calculate the highest common factor of 1856 and 116.
116
Calculate the highest common divisor of 285288 and 72.
24
What is the highest common factor of 623 and 3084473?
623
Calculate the highest common factor of 9 and 343017.
9
What is the highest common divisor of 105 and 24045?
105
What is the highest common divisor of 278575 and 11?
11
Calculate the highest common divisor of 64 and 5446784.
64
Calculate the highest common factor of 3888 and 27378.
162
Calculate the highest common divisor of 1075 and 39675.
25
Calculate the greatest common factor of 10948 and 48300.
644
What is the highest common factor of 8910 and 165645?
405
What is the greatest common divisor of 214584 and 48?
24
Calculate the greatest common divisor of 82410 and 34440.
1230
What is the greatest common divisor of 153057 and 3749?
163
Calculate the highest common divisor of 143059 and 217.
7
Calculate the greatest common divisor of 22450 and 15.
5
What is the highest common factor of 212480 and 5810?
830
What is the highest common factor of 702272 and 72?
8
What is the greatest common divisor of 21489 and 874?
19
What is the highest common factor of 735 and 219380?
35
Calculate the greatest common divisor of 30 and 273312.
6
What is the highest common divisor of 535 and 11406735?
535
Calculate the greatest common factor of 95 and 35.
5
Calculate the highest common divisor of 8502736 and 352.
176
What is the greatest common factor of 133320 and 1540?
220
What is the greatest common factor of 284586 and 2?
2
Calculate the greatest common divisor of 12070080 and 1440.
1440
What is the greatest common factor of 3043 and 2108?
17
Calculate the highest common divisor of 208 and 233168.
208
What is the highest common factor of 2750 and 6270?
110
Calculate the greatest common factor of 34095 and 60.
15
What is the greatest common factor of 66761 and 101?
101
Calculate the highest common divisor of 84835 and 33840.
235
Calculate the highest common factor of 25203 and 186.
93
What is the greatest common divisor of 35896 and 1736?
56
Calculate the highest common divisor of 26228 and 316.
316
Calculate the highest common factor of 36 and 267174.
18
What is the highest common divisor of 7 and 501207?
7
What is the greatest common divisor of 639 and 158607?
9
Calculate the greatest common factor of 628 and 735388.
628
What is the greatest common divisor of 651920 and 48?
16
Calculate the greatest common factor of 6 and 988.
2
What is the highest common divisor of 18137 and 917?
7
Calculate the greatest common factor of 783398 and 22.
22
What is the greatest common factor of 90456 and 24?
24
Calculate the highest common divisor of 8469 and 8190.
9
What is the highest common divisor of 17271 and 589?
19
Calculate the highest common factor of 608245 and 55.
55
What is the greatest common divisor of 47 and 2142683?
47
What is the highest common factor of 3095892 and 12?
12
What is the highest common factor of 84636 and 108?
36
What is the highest common divisor of 192 and 133536?
96
What is the highest common divisor of 37892 and 36?
4
Calculate the greatest common divisor of 168683 and 3145.
37
Calculate the greatest common divisor of 243 and 48834.
9
Calculate the highest common divisor of 30114 and 4788.
126
Calculate the highest common divisor of 6794 and 7584.
158
What is the greatest common factor of 184 and 26611?
23
Calculate the highest common factor of 144276 and 33.
33
What is the highest common factor of 12291 and 2169?
723
What is the highest common divisor of 520 and 112896?
8
Calculate the highest common factor of 12738 and 107694.
1158
Calculate the highest common factor of 1926 and 126.
18
Calcu